{"id":349,"date":"2009-07-14T22:05:44","date_gmt":"2009-07-14T20:05:44","guid":{"rendered":"http:\/\/www.studiowarsztat.pl\/?page_id=349"},"modified":"2025-12-02T01:27:26","modified_gmt":"2025-12-01T23:27:26","slug":"publikacje","status":"publish","type":"page","link":"https:\/\/www.studiowarsztat.pl\/www\/?page_id=349","title":{"rendered":"publikacje\/publications"},"content":{"rendered":"<p>publikacje<\/p>\n<p><strong>2018<\/strong> Tarn\u00f3w <a href=\"https:\/\/miastoiludzie.pl\/\">Miasto i ludzie<\/a> artyku\u0142 o <a href=\"https:\/\/www.studiowarsztat.pl\/www\/wp-content\/uploads\/2025\/12\/Tarnow-artykul-lipiec.pdf\">pierwszej pasywnej hali gimnastycznej w mie\u015bcie<\/a><\/p>\n<p><strong>2018<\/strong> Tarn\u00f3w <a href=\"https:\/\/miastoiludzie.pl\/\">Miasto i ludzie<\/a> artyku\u0142: <a href=\"https:\/\/www.studiowarsztat.pl\/www\/wp-content\/uploads\/2025\/12\/Tarnow-artykul.pdf\"><span class=\"fontstyle0\">II LO w Tarnowie ma sal\u0119 gimnastyczn\u0105<\/span> <\/a><\/p>\n<p><strong>2012<\/strong>\u00a0<a title=\"pierwsza powiatowa sala pasywna\" href=\"http:\/\/www.powiat.turek.pl\/pl\/13\/informacje\/3\/1144\/\" target=\"_blank\" rel=\"noopener\">powiat.turek.pl<\/a> informacja o <a href=\"http:\/\/www.studiowarsztat.pl\/www\/wp-content\/uploads\/2009\/07\/powiat_turek_sala_pasywna_studioWarsztat.pdf\">pierwszej powiatowej\u00a0sali pasywnej, zaprojektowanej przez studio<strong>Warsztat<\/strong><\/a><br \/>\n<strong>2011<\/strong> <em><a title=\"zaw\u00f3d:architekt czasopismo\" href=\"http:\/\/zawod-architekt.pl\/\">Zaw\u00f3d:Architekt<\/a><\/em> artyku\u0142 <em><a href=\"http:\/\/www.studiowarsztat.pl\/www\/wp-content\/uploads\/2011\/04\/ekologiczne-klocki_studioWarsztat.pdf\">Ekologiczne klocki do uk\u0142adania dom\u00f3w<\/a><\/em> na temat budownictwa pasywnego z kontener\u00f3w morskich w Polsce<br \/>\n<strong>2010<\/strong> <a href=\"http:\/\/www.archimania.pl\/2947-funkcjonalny-dom-pasywny\"><em>archimania.pl<\/em><\/a> informacja <a href=\"http:\/\/www.studiowarsztat.pl\/www\/wp-content\/uploads\/2009\/07\/archimania_front.pdf\">(1)<\/a><a href=\"http:\/\/www.studiowarsztat.pl\/www\/wp-content\/uploads\/2009\/07\/archimania_news-projekty-domow.pdf\">(2)<\/a> o <a href=\"http:\/\/www.studiowarsztat.pl\/?cat=4\">projektach naszych dom\u00f3w pasywnych nr2 i 3<\/a><br \/>\n<strong>2008<\/strong> <a href=\"http:\/\/www.studiowarsztat.pl\/pliki\/studiowarsztat_container_house.pdf\">broszura &#8222;dom pasywny z kontener\u00f3w morskich&#8221;<\/a><br \/>\n<strong>2007<\/strong> <a href=\"http:\/\/www.architekturaibiznes.com.pl\"><em>A&amp;B Architektura i Biznes<\/em><\/a> <a href=\"http:\/\/www.studiowarsztat.pl\/www\/wp-content\/uploads\/2009\/07\/AB2007-04.pdf\">wywiad z &#8222;m\u0142odymi polskimi architektami pracuj\u0105cymi na wyspach <em>obczyzna-polszczyzna<\/em><\/a><br \/>\n_____________________________________________________<\/p>\n<p><em>publications<\/em><\/p>\n<p><strong>2012<\/strong>\u00a0<a title=\"pierwsza powiatowa sala pasywna\" href=\"http:\/\/www.powiat.turek.pl\/pl\/13\/informacje\/3\/1144\/\" target=\"_blank\" rel=\"noopener\">powiat.turek.pl<\/a>\u00a0news about <a href=\"http:\/\/www.studiowarsztat.pl\/www\/wp-content\/uploads\/2009\/07\/powiat_turek_sala_pasywna_studioWarsztat.pdf\">the first county gym designed in passive house standard, by studio<strong>Warsztat<\/strong><\/a><br \/>\n<strong>2011<\/strong> <em><a title=\"zaw\u00f3d:architekt czasopismo\" href=\"http:\/\/zawod-architekt.pl\/\">Zaw\u00f3d:Architekt<\/a><\/em> magazine\u00a0<em><a href=\"http:\/\/www.studiowarsztat.pl\/www\/wp-content\/uploads\/2011\/04\/ekologiczne-klocki_studioWarsztat.pdf\">Ekologiczne klocki do uk\u0142adania dom\u00f3w<\/a><\/em> article about passive sea container house in Poland<br \/>\n<strong>2010<\/strong> <a href=\"http:\/\/www.archimania.pl\/2947-funkcjonalny-dom-pasywny\"><em>archimania.pl<\/em><\/a> news <a href=\"http:\/\/www.studiowarsztat.pl\/www\/wp-content\/uploads\/2009\/07\/archimania_front.pdf\">(1)<\/a>, <a href=\"http:\/\/www.studiowarsztat.pl\/www\/wp-content\/uploads\/2009\/07\/archimania_news-projekty-domow.pdf\">(2)<\/a> about <a href=\"http:\/\/www.studiowarsztat.pl\/?cat=4\">our passive house #2 and #3<\/a><br \/>\n<strong>2008<\/strong> <a href=\"http:\/\/www.studiowarsztat.pl\/pliki\/studiowarsztat_container_house.pdf\">passive house\/container house brochure<\/a><br \/>\n<strong>2007<\/strong> <a href=\"http:\/\/www.architekturaibiznes.com.pl\"><em>A&amp;B Architektura&amp;Biznes<\/em><\/a> <a href=\"http:\/\/www.studiowarsztat.pl\/www\/wp-content\/uploads\/2009\/07\/AB2007-04.pdf\">an interwiev with a young polish architects working in UK<\/a><\/p>\n","protected":false},"excerpt":{"rendered":"<p>publikacje 2018 Tarn\u00f3w Miasto i ludzie artyku\u0142 o pierwszej pasywnej hali gimnastycznej w mie\u015bcie 2018 Tarn\u00f3w Miasto i ludzie artyku\u0142: II LO w Tarnowie ma sal\u0119 gimnastyczn\u0105 2012\u00a0powiat.turek.pl informacja o pierwszej powiatowej\u00a0sali pasywnej, zaprojektowanej przez studioWarsztat 2011 Zaw\u00f3d:Architekt artyku\u0142 Ekologiczne klocki do uk\u0142adania dom\u00f3w na temat budownictwa pasywnego z kontener\u00f3w morskich w Polsce 2010 archimania.pl [&hellip;]<\/p>\n","protected":false},"author":1,"featured_media":0,"parent":0,"menu_order":3,"comment_status":"closed","ping_status":"closed","template":"","meta":{"footnotes":""},"class_list":["post-349","page","type-page","status-publish","hentry"],"jetpack_shortlink":"https:\/\/wp.me\/PA0MW-5D","jetpack_sharing_enabled":true,"_links":{"self":[{"href":"https:\/\/www.studiowarsztat.pl\/www\/index.php?rest_route=\/wp\/v2\/pages\/349","targetHints":{"allow":["GET"]}}],"collection":[{"href":"https:\/\/www.studiowarsztat.pl\/www\/index.php?rest_route=\/wp\/v2\/pages"}],"about":[{"href":"https:\/\/www.studiowarsztat.pl\/www\/index.php?rest_route=\/wp\/v2\/types\/page"}],"author":[{"embeddable":true,"href":"https:\/\/www.studiowarsztat.pl\/www\/index.php?rest_route=\/wp\/v2\/users\/1"}],"replies":[{"embeddable":true,"href":"https:\/\/www.studiowarsztat.pl\/www\/index.php?rest_route=%2Fwp%2Fv2%2Fcomments&post=349"}],"version-history":[{"count":22,"href":"https:\/\/www.studiowarsztat.pl\/www\/index.php?rest_route=\/wp\/v2\/pages\/349\/revisions"}],"predecessor-version":[{"id":1232,"href":"https:\/\/www.studiowarsztat.pl\/www\/index.php?rest_route=\/wp\/v2\/pages\/349\/revisions\/1232"}],"wp:attachment":[{"href":"https:\/\/www.studiowarsztat.pl\/www\/index.php?rest_route=%2Fwp%2Fv2%2Fmedia&parent=349"}],"curies":[{"name":"wp","href":"https:\/\/api.w.org\/{rel}","templated":true}]}}